of 10619?
1
What is the thousands digit of 4479?
4
What is the ten thousands digit of 12007?
1
What is the units digit of 448?
8
What is the units digit of 12187?
7
What is the tens digit of 33256?
5
What is the hundreds digit of 3548?
5
What is the units digit of 3682?
2
What is the thousands digit of 21975?
1
What is the tens digit of 1840?
4
What is the thousands digit of 1385?
1
What is the tens digit of 619?
1
What is the thousands digit of 71458?
1
What is the units digit of 29070?
0
What is the ten thousands digit of 90698?
9
What is the hundreds digit of 62849?
8
What is the hundreds digit of 1861?
8
What is the ten thousands digit of 83454?
8
What is the thousands digit of 9265?
9
What is the tens digit of 277?
7
What is the hundreds digit of 727?
7
What is the units digit of 476?
6
What is the thousands digit of 12823?
2
What is the hundreds digit of 607?
6
What is the units digit of 823?
3
What is the ten thousands digit of 60868?
6
What is the units digit of 2517?
7
What is the hundreds digit of 2696?
6
What is the units digit of 421?
1
What is the hundreds digit of 2372?
3
What is the tens digit of 1329?
2
What is the tens digit of 32948?
4
What is the tens digit of 15060?
6
What is the units digit of 1335?
5
What is the thousands digit of 19845?
9
What is the tens digit of 216?
1
What is the units digit of 1026?
6
What is the units digit of 7139?
9
What is the thousands digit of 49008?
9
What is the thousands digit of 3768?
3
What is the tens digit of 1574?
7
What is the hundreds digit of 25093?
0
What is the units digit of 28160?
0
What is the hundreds digit of 5057?
0
What is the hundreds digit of 6280?
2
What is the thousands digit of 53373?
3
What is the thousands digit of 49948?
9
What is the tens digit of 32879?
7
What is the tens digit of 1782?
8
What is the thousands digit of 49885?
9
What is the tens digit of 6514?
1
What is the ten thousands digit of 22899?
2
What is the hundreds digit of 4847?
8
What is the thousands digit of 58849?
8
What is the tens digit of 55?
5
What is the hundreds digit of 3634?
6
What is the ten thousands digit of 22775?
2
What is the tens digit of 94819?
1
What is the units digit of 601?
1
What is the tens digit of 6912?
1
What is the tens digit of 3334?
3
What is the tens digit of 127391?
9
What is the hundreds digit of 6642?
6
What is the units digit of 3801?
1
What is the tens digit of 1854?
5
What is the tens digit of 1965?
6
What is the units digit of 516?
6
What is the units digit of 1705?
5
What is the tens digit of 2188?
8
What is the hundreds digit of 1015?
0
What is the hundreds digit of 312?
3
What is the hundreds digit of 741?
7
What is the tens digit of 1116?
1
What is the units digit of 14784?
4
What is the thousands digit of 23918?
3
What is the units digit of 743?
3
What is the units digit of 6079?
9
What is the hundreds digit of 1027?
0
What is the tens digit of 6519?
1
What is the thousands digit of 1429?
1
What is the tens digit of 2722?
2
What is the ten thousands digit of 20021?
2
What is the units digit of 465?
5
What is the hundreds digit of 46966?
9
What is the tens digit of 96299?
9
What is the units digit of 11980?
0
What is the units digit of 2040?
0
What is the hundreds digit of 8987?
9
What is the tens digit of 45624?
2
What is the tens digit of 7044?
4
What is the hundreds digit of 1209?
2
What is the units digit of 1495?
5
What is the thousands digit of 31424?
1
What is the thousands digit of 31728?
1
What is the hundreds digit of 3658?
6
What is the units digit of 842?
2
What is the tens digit of 12613?
1
What is the units digit of 5402?
2
What is the thousands digit of 15450?
5
What is the tens digit of 991?
9
What is the thousands digit of 5784?
5
What is the units digit of 10167?
7
What is the units digit of 3442?
2
What is the units digit of 48?
8
What is the ten thousands digit of 10076?
1
What is the thousands digit of 11134?
1
What is the units digit of 2263?
3
What is the units digit of 50748?
8
What is the thousands digit of 3108?
3
What is the tens digit of 26426?
2
What is the units digit of 61673?
3
What is the units digit of 1210?
0
What is the units digit of 390?
0
What is the tens digit of 13903?
0
What is the units digit of 112474?
4
What is the ten thousands digit of 117735?
1
What is the thousands digit of 1498?
1
What is the units digit of 11548?
8
What is the tens digit of 1300?
0
What is the ten thousands digit of 79995?
7
What is the units digit of 50832?
2
What is the tens digit of 544?
4
What is the hundreds digit of 39827?
8
What is the units digit of 1925?
5
What is the hundreds digit of 3763?
7
What is the tens digit of 4855?
5
What is the tens digit of 504?
0
What is the thousands digit of 7485?
7
What is the hundred thousands digit of 191631?
1
What is the units digit of 132?
2
What is the tens digit of 1076?
7
What is the units digit of 84230?
0
What is the units digit of 8471?
1
What is the units digit of 8434?
4
What is the units digit of 11123?
3
What is the units digit of 886?
6
What is the ten thousands digit of 11301?
1
What is the thousands digit of 69024?
9
What is the tens digit of 35104?
0
What is the tens digit of 2755?
5
What is the ten thousands digit of 79882?
7
What is the hundreds digit of 43722?
7
What is the hundreds digit of 5546?
5
What is the hundreds digit of 2074?
0
What is the thousands digit of 22048?
2
What is the thousands digit of 1662?
1
What is the thousands digit of 75428?
5
What is the tens digit of 25011?
1
What is the hundreds digit of 5558?
5
What is the units digit of 1156?
6
What is the thousands digit of 5932?
5
What is the hundreds digit of 1782?
7
What is the hundreds digit of 36096?
0
What is the hundreds digit of 1450?
4
What is the units digit of 1127?
7
What is the tens digit of 4403?
0
What is the units digit of 6033?
3
What is the thousands digit of 1989?
1
What is the units digit of 6555?
5
What is the thousands digit of 14238?
4
What is the thousands digit of 18974?
8
What is the hundreds digit of 30829?
8
What is the hundreds digit of 2415?
4
What is the ten thousands digit of 86165?
8
What is the tens digit of 5199?
9
What is the ten thousands digit of 32160?
3
What is the hundreds digit of 36079?
0
What is the hundreds digit of 15265?
2
What is the tens digit of 82303?
0
What is the thousands digit of 99448?
9
What is the units digit of 3183?
3
What is the hundreds digit of 999?
9
What is the units digit of 499?
9
What is the units digit of 492?
2
What is the tens digit of 13011?
1
What is the units digit of 39707?
7
What is the tens digit of 271?
7
What is the thousands digit of 4842?
4
What is the units digit of 1127?
7
What is the hundreds digit of 766?
7
What is the hundreds digit of 35086?
0
What is the units digit of 1178?
8
What is the hundreds digit of 764?
7
What is the tens digit of 94529?
2
What is the units digit of 1238?
8
What is the units digit of 3960?
0
What is the units digit of 29067?
7
What is the units digit of 783?
3
What is the tens digit of 2366?
6
What is the units digit of 7152?
2
What is the ten thousands digit of 15556?
1
What is the tens digit of 5144?
4
What is the units digit of 3196?
6
What is the thousands digit of 4353?
4
What is the thousands digit of 12665?
2
What is the hundreds digit of 7353?
3
What is the units digit of 15209?
9
What is the hundreds digit of 4984?
9
What is the units digit of 447?
7
What is the thousands digit of 36491?
6
What is the thousands digit of 8188?
8
What is the units digit of 156365?
5
What is the tens digit of 10431?
3
What is the tens digit of 293?
9
What is the hundred thousands digit of 106910?
1
What is the units digit of 19772?
2
What is the units digit of 1792?
2
What is the thousands digit of 27192?
7
What is the units digit of 1?
1
What is the thousands digit of 2536?
2
What is the tens digit of 99750?
5
What is the units digit of 89187?
7
What is the hundreds digit of 5161?
1
What is the thousands digit of 13670?
3
What is the thousands digit of 3441?
3
What is the units digit of 688?
8
What is the hundreds digit of 714?
7
What is the thousands digit of 3060?
3
What is the tens digit of 131384?
8
What is the tens digit of 32251?
5
What is the tens digit of 6331?
3
What is the units digit of 1822?
2
What